 What is the highest common divisor of 1457 and i?
47
Let i = -18 - -81. Let z be (((-336)/15)/(-2))/(2/10). Let k = 77 - z. Calculate the greatest common factor of i and k.
21
Suppose -5*z - x + 54 = 0, 3*x + 51 = 5*z - 7. Suppose i = -z + 15. Calculate the highest common factor of 16 and i.
4
Let t be 5/(-20) + (-45)/(-4). Let z = -23 + 27. Suppose 2*b + 2 = -z, -3*b = 4*a - 35. Calculate the greatest common factor of t and a.
11
Suppose 5*x = 10*x - 70. Calculate the highest common factor of x and 434.
14
Let t(a) = -90*a**3 - a**2 - 2*a - 1. Suppose 15*j + 5 = 10*j. Let y be t(j). Calculate the greatest common divisor of y and 10.
10
Let b be -15*16/(-15)*12/16. Let w(h) = -h + 29. Let g be w(b). Calculate the highest common factor of 17 and g.
17
Let n(t) = -140*t. Let g be n(-1). Let c = -123 + g. What is the highest common factor of c and 17?
17
Suppose -4*o = -0*o - 60. Let y(i) be the third derivative of -4*i**4/3 + 5*i**3/6 + 13*i**2. Let k be y(-5). What is the highest common factor of o and k?
15
Let u = -162 + 428. Let c = u - 155. What is the greatest common factor of c and 74?
37
Suppose 11*q - 70 = -5*k + 6*q, 2*k - 2*q = 48. Calculate the greatest common divisor of k and 475.
19
Let m = -186 + 197. Let s(w) = 50*w. Let d be s(3). Let k = 271 - d. Calculate the greatest common divisor of k and m.
11
Let i be 63 - (2 + 0 + 1). Let m(u) = -13*u + 4 + 9*u**2 - u**2 - 16 + u**3. Let c be m(-9). What is the greatest common factor of i and c?
12
Suppose -2*t = c + 4*c - 366, 2*c - 4*t - 132 = 0. Let f be (-3)/12 - (-387)/12. Suppose -2*a - f = -6*a. Calculate the highest common factor of c and a.
8
Let d(b) = -b**2 - 9*b - 8. Let j be d(-7). Let i(k) = 8*k - 16. Let o be i(j). Calculate the greatest common factor of o and 80.
16
Suppose b + 1 + 21 = 5*p, 0 = b - 4*p + 20. Let c(r) = r + 24. Let k be c(b). Calculate the greatest common divisor of k and 96.
12
Let k(q) = 37*q - 3. Let f be k(1). Let b = f - 4. Calculate the greatest common factor of b and 20.
10
Suppose b - 25 = -5*p, 4*p + 48*b = 49*b + 29. What is the highest common factor of 15 and p?
3
Let d(z) = -24*z + 1. Let c be d(0). Suppose 4*p - 4*k - 6 = 5*p, 0 = -2*p - k + 2. Calculate the highest common divisor of p and c.
1
Let r be (-3 - -2)*-4*10. Let h = -37 + 55. Let z be 60/h*(-24)/(-5). Calculate the greatest common divisor of z and r.
8
Let h(r) = 90*r. Let n be h(1). Suppose -3*c + 75 = 2*j - 2*c, -2*j + 84 = 4*c. What is the highest common factor of n and j?
18
Suppose -5*b + 0*b = -10. Let p(u) = u + 1. Let t be p(17). What is the greatest common factor of b and t?
2
Let s be (-104)/(-78) + (-384)/(-9). Let d = -23 + 7. Let c = d + s. Calculate the greatest common divisor of c and 70.
14
Let s = -31 - -52. Suppose 2*z = -7 + s. Suppose 4*d = 16, 3*q + z*d - 2*d = 92. Calculate the highest common factor of 36 and q.
12
Let p = 588 - 586. Let a = 6 - 2. What is the highest common factor of a and p?
2
Let q(n) = -n**2 + 6*n + 2. Suppose 5*k = -4*t - 12 - 1, -9 = 2*t + 3*k. Let p be q(t). What is the greatest common factor of p and 33?
11
Let h = 594 - 580. What is the greatest common factor of 119 and h?
7
Let f(c) = -4*c + 154. Let n be f(14). What is the greatest common divisor of n and 1078?
98
Let v(k) = -2*k**2 + 42*k + 42. Let j be v(21). Let u = -17 - -31. Calculate the highest common factor of u and j.
14
Let j = -15 - -7. Let k be ((-2)/(-4))/1*j. Let d be 60/(-10)*14/k. Calculate the highest common divisor of d and 7.
7
Suppose -388 = -2*h + 434. What is the highest common factor of 6 and h?
3
Let p be 6 - 2 - 1 - -32. Suppose 9*t - 56 = 5*t. Calculate the greatest common factor of p and t.
7
Suppose -2*a - 26 = -4*y - 130, 156 = 3*a + y. Let f be -52*((-168)/32)/21. What is the greatest common divisor of a and f?
13
Let u(o) = o**2 - 89*o - 979. Let f be u(-10). Let c(z) = z**3 + 5*z**2 + 3*z + 2. Let v be c(-3). What is the highest common divisor of v and f?
11
Suppose -2*z + 3*u + 693 = 0, -3*z + 1082 = -2*u + 6*u. What is the highest common divisor of 6 and z?
6
Let f(j) = 8 + 3*j + 1 + 7 + 8. Let s be f(0). Let n(v) = v**2 - 4*v + 3. Let w be n(5). Calculate the highest common factor of s and w.
8
Let b be (-6)/(-18)*-3 + (105 - 0). Let f(t) = 26*t**2 + 3*t + 3. Let k be f(-1). What is the greatest common factor of b and k?
26
Suppose 223*p - 243*p + 60 = 0. What is the highest common divisor of 543 and p?
3
Let y(v) = v - 2. Let n be y(3). Let o be n/(-2)*(8 + -22). Suppose -2*a = -5 - o. Calculate the greatest common divisor of 9 and a.
3
Suppose 2*r - 25 = -3*r. Suppose -13*l = -6*l - 28. Suppose -3*s + 40 = -5*u, 5*u + 19 = -2*s + l. Calculate the highest common factor of r and s.
5
Let o be (41 + -4 - 2) + -2 + -5. Suppose f + 20 = 90. What is the greatest common factor of f and o?
14
Suppose -t - 7 = t + 5*p, -2*t = 4*p + 6. Let m = t - -7. Let o be 5 - (-1 - 15/5). Calculate the highest common divisor of m and o.
3
Let r be (-2 - (-1 + 5))/(-1). What is the highest common factor of r and 8?
2
Let v(k) = k**3 - k**2 - k + 2. Let j be v(2). Let z be -2 + 2/1 + j. Let s be (-10)/(-3)*(-3 + (-162)/(-10)). What is the highest common factor of s and z?
4
Let a be 1*2*(11 + -2). Suppose 3*g + 427 = -320. Let y be g/(-9) + (-6)/9. Calculate the greatest common divisor of a and y.
9
Let c be 4/(-2) - 5 - -12. Calculate the greatest common divisor of c and 280.
5
Let x = 149 - 93. Calculate the highest common divisor of 448 and x.
56
Suppose 0 = 2*k + 2, -3*l + 2*k + 2 = -3. Let f = 1140 + -1135. Calculate the highest common divisor of l and f.
1
Let r be ((-7)/(-5))/(1/5). Let z = -70 + 72. Calculate the highest common factor of z and r.
1
Suppose -2*q + 4*c + 332 = 8*c, 494 = 3*q + 4*c. Calculate the greatest common divisor of q and 27.
27
Suppose -3*h - 1 = 2*n - 11, n = -5*h + 5. Suppose h = -5*x - 4*l + 36, -5*l + 7 + 4 = 2*x. Let q = 87 - 67. Calculate the highest common factor of q and x.
4
Suppose -2*s = 3*d - 2*d - 15, -s + 18 = d. Calculate the highest common factor of 294 and d.
21
Let y = -100 + 58. Let q = 48 + y. What is the highest common factor of q and 12?
6
Suppose 62*r - 8610 = 32*r. Calculate the highest common divisor of 123 and r.
41
Suppose 0 = -4*q - 2*a + 125 + 33, 5*a - 108 = -3*q. Calculate the highest common divisor of 205 and q.
41
Suppose -49 + 118 = 3*r. Suppose -552 = 4*u - 7*u. What is the highest common divisor of r and u?
23
Suppose -384*f + 81 = -375*f. What is the highest common factor of f and 9?
9
Let n = 88 - 93. Let t(i) = -24*i + 4 + 0 + 5*i. Let w be t(n). What is the greatest common divisor of 9 and w?
9
Let o = 184 + -138. What is the highest common factor of o and 115?
23
Let l be 5 + (-1100)/(-4) + 0. Calculate the greatest common divisor of 24 and l.
8
Let y(b) = -b**2 + b + 176. Let q be y(-11). Calculate the highest common divisor of 12 and q.
4
Let u(i) = i**2 - 6*i - 12. Let d be u(-3). What is the highest common factor of 285 and d?
15
Let t(c) = -c**2 - 2*c + 5. Let m be t(-3). Let l be m/(-4) - 30/(-4). What is the greatest common divisor of l and 35?
7
Suppose -4*q + 26 = n - 3*q, 2*q + 8 = 0. Calculate the greatest common divisor of 3900 and n.
30
Suppose 26*k - 29*k + 60 = 0. Suppose t + m - 5 = 0, 4*m + 15 + 1 = 5*t. What is the greatest common divisor of t and k?
4
Suppose -5*p + 1013 = -p - 5*s, 4*s - 500 = -2*p. Suppose 3*b - 12 - 78 = 0. Let m = 58 - b. What is the greatest common divisor of m and p?
28
Let b = -4 + 7. Let h be 62/(-6)*(5 + -8). Let o be h + 1/(5/10). What is the greatest common factor of o and b?
3
Let p = 6 + -5. Let t be p/(-1)*(-2541)/11. Calculate the greatest common divisor of 21 and t.
21
Suppose -3*d + 42 + 96 = 0. Suppose 2*j - j - 3*p = 72, 216 = 3*j + 2*p. Let g = -3 + j. What is the greatest common factor of g and d?
23
Let j(h) = 15*h + 3. Let m be j(10). Let o = m - 73. What is the highest common divisor of 32 and o?
16
Let l(o) = 3*o + 17. Let q be l(6). Suppose -4*u + 22 - 2 = 0. What is the greatest common factor of q and u?
5
Let h(x) = -14*x + 1. Let i be h(-1). Suppose 2*d - 4*v = 5*d, -4*d + 2*v = -22. Suppose 341 = d*o - 199. What is the highest common factor of o and i?
15
Suppose -11*s + 32*s - 987 = 0. What is the greatest common factor of s an